e a(-2). Let r = v + f. What is the units digit of r?
4
Let j(h) = -2*h**3 - 13*h**2 + 45*h + 200. What is the tens digit of j(-12)?
4
Suppose 4*u - 38 + 18 = 0. Suppose 39 - 374 = -u*d. What is the tens digit of d?
6
Let d = -40 + 282. What is the tens digit of d?
4
Suppose 24 + 5 = l. Let u = l - 15. What is the tens digit of u?
1
Let z(f) = f**2 + 3*f - 10. Let j be z(-10). What is the units digit of (7 - (0 + 3))*j/8?
0
Suppose -7 = f - 5*w, -2*f - 4*w - 6 = 3*f. Let c be f/(-6)*(7 - 4). Let k = c - -5. What is the units digit of k?
6
Suppose -w + 2*g + 2 = -2, 5*w = 5*g + 20. Suppose -w*k + 120 = -2*u, 0*k + u = k - 32. Let y = k + -14. What is the tens digit of y?
1
Let j = 32 + -28. Let m = j - -4. Let u = 5 + m. What is the tens digit of u?
1
Let g(y) = 108*y - 18. Let o be g(-3). Let w = -193 - o. What is the units digit of w?
9
Let l be (-4)/2 + 28/14. Suppose 3 + l = 3*o. What is the units digit of o?
1
Let f = -227 + 161. Let k = f - -157. What is the units digit of k?
1
Let z = -812 - -2486. What is the tens digit of z?
7
Let l(u) = u**3 - 13*u**2 - 14*u + 4. Let b be l(14). Suppose 4 = b*q + 3*m, 4*m = 4*q - 2*q - 2. What is the units digit of q?
1
Suppose -5*c = -411 - 579. Let u = 370 - c. What is the tens digit of u?
7
Let m(o) = -52*o + 108. What is the units digit of m(-7)?
2
Suppose -5*g + 553 = 3*m, 5*m - 843 = -5*g + 62. Let v = m - 71. What is the hundreds digit of v?
1
Let g(b) = 2*b**3 - 9*b**2 - b - 16. Let s(k) = -k**3 - 3*k**2 + 5*k + 11. Let t be s(-4). What is the units digit of g(t)?
2
Let z = 5195 - 325. What is the tens digit of z?
7
Let s = 53 + -54. Let m(u) = 40*u**2 + u - 1. What is the units digit of m(s)?
8
Suppose 36832 = 1082*n - 1066*n. What is the thousands digit of n?
2
Suppose 6*a + 4*m + 2600 = 8*a, 3*m = -5*a + 6435. What is the units digit of a?
0
Suppose -3*z + 4*z = 2. Suppose 186 = z*d + d. What is the tens digit of d?
6
What is the units digit of (-7 - (-694 - -9))/(6/33)?
9
Let x(f) = -f**3 - 4*f**2 + 2*f - 3. Let w be x(-5). Suppose 7*n = 4*n + w. Suppose 4*d - c = 22, -4*c + 0*c - n = -2*d. What is the units digit of d?
6
What is the units digit of (-2)/(-16) - (-38605)/280?
8
What is the tens digit of (1/(-4))/((-9)/(-132))*-381?
9
Let x(c) = c**3 - 7*c**2 + c - 11. Let s(v) = v**2 - v. Let k(l) = -4*s(l) + x(l). Let o = -79 + 90. What is the units digit of k(o)?
4
Let h(m) = 2*m**2 - 8*m + 1. Let x(v) = v + 4. Let y be x(6). Let n = 16 - y. What is the units digit of h(n)?
5
What is the hundreds digit of 3232/(-6)*(-23 + 20) - -4?
6
Let k be (1 - 4)/(-1) - 5. Let u(v) = -11*v - 2. Let m be u(k). Suppose m = 5*c - 75. What is the units digit of c?
9
Suppose 5*v + 5*q = 40, -5*v + 2*q + 4 = -1. Suppose v*m + 370 = 4*y, -y = y - 4*m - 190. What is the tens digit of y?
9
Suppose 0 = 34*x + 42*x - 164008. What is the units digit of x?
8
Let l(q) = -12*q**3 + 2*q**2 - 6*q + 4. What is the units digit of l(-3)?
4
Suppose 5*t = 2*i - 536, 4*i = -t - 2*t + 1072. What is the tens digit of i?
6
Let f(c) = c**3 + 0*c + 6*c + 0*c**3 - 6*c**2. Let n(x) = -x**3 - 2*x**2 - 5*x - 5. Let a be n(-2). What is the units digit of f(a)?
5
Let x(u) = -u**2 + u + 798. What is the tens digit of x(0)?
9
Let g = -141 + 153. Suppose -210 = -19*h + g*h. What is the units digit of h?
0
Suppose -4*k = 5*t - 11143, -26*t + 13950 = 5*k - 24*t. What is the thousands digit of k?
2
Suppose 8*p - 14 = -206. Let x = p - -285. What is the units digit of x?
1
Let n = 133 + -89. Suppose -3*i = i - n. What is the tens digit of i?
1
Suppose -53*m + 62*m - 11601 = 0. What is the units digit of m?
9
Suppose -35 - 182 = -f - 4*a, 0 = 2*f - 3*a - 456. What is the hundreds digit of f?
2
Suppose -4*s + 3*u + 468 + 302 = 0, 5*u = s - 184. What is the hundreds digit of s?
1
Let y = -8663 - -12424. What is the tens digit of y?
6
Let c(x) = -248*x**3 + 6*x**2 + 2*x - 3. What is the tens digit of c(-1)?
4
What is the units digit of 6/(-21) - 2568/(-21)?
2
What is the units digit of 2/(28/(-455))*(-13 + -1)?
5
Suppose 0*v = v - 90. Suppose 3*f + 36 = v. What is the units digit of (1*f)/(-2 - -4)?
9
Let o(z) = 6*z**2 + 5*z + 38. What is the hundreds digit of o(7)?
3
Let t = -31 - -103. Let v = 182 - t. What is the units digit of v?
0
Let i be ((-44)/4)/(0 + -1). Let x(y) = 2 + 3*y + 8*y - 1 - y**2. What is the units digit of x(i)?
1
What is the tens digit of 642 + (3*4/3 - -1)?
4
Let s = -27 + 27. Suppose s*a + 87 = 3*a. What is the tens digit of a?
2
What is the units digit of (3 + 1890/8)/(6/24)?
7
Let l(a) = -a - 8. Let g(f) = -3*f - 24. Let c(s) = 4*g(s) - 11*l(s). Let k be c(0). What is the units digit of (k/5)/((-2)/10)?
8
Let l = 96 + 381. What is the units digit of l?
7
Suppose -2*m + 4 = -0. Suppose r + 5*j - 20 = 0, 0 = r + m*r + 2*j - 86. Suppose r = 2*x + a, -3*x - a = 2*a - 48. What is the tens digit of x?
1
Let u = -65 - -1. Let r = u + 118. What is the units digit of r?
4
Let f be (0 + (-18)/15)/(4/(-30)). Suppose -5*x + f*x = -r + 351, -2*x + 171 = 5*r. What is the units digit of x?
8
Let r(n) = n**3 - 5*n**2 - n + 6. Let y be r(5). Let w = -5 + 5. What is the units digit of 3*((4 - y) + w)?
9
Let b(p) = -p**3 + 12*p**2 + 3*p + 2. Let w be b(8). What is the units digit of (w/(-12))/(1/(-4))?
4
Let i(m) be the first derivative of -3*m**4/4 - 16*m**3/3 + 2*m**2 + 13*m + 31. What is the tens digit of i(-7)?
3
Suppose 39*a - 26*a = 468. What is the units digit of a?
6
Suppose 2*p - z - 52 = 0, -2*p + 4*z + 19 + 33 = 0. Suppose -16*s + p*s - 1440 = 0. What is the units digit of s?
4
Let x(y) = -y**3 + 18*y**2 - 5*y + 32. What is the tens digit of x(17)?
3
Let r(z) = -z**3 + 37*z**2 - 120*z - 66. What is the hundreds digit of r(30)?
6
Suppose 86*o - 161680 = 43*o. What is the hundreds digit of o?
7
Suppose 3*z + 337 - 1891 = 2*u, 2*z - 3*u - 1031 = 0. What is the units digit of z?
0
Suppose -97 = 3*r - 3*s + 101, -5*r - 334 = -4*s. Let z = -27 - r. Suppose -7 = 2*h - 5*o - 87, -4*o - z = -h. What is the units digit of h?
5
Suppose -5*s - 3*r + 176 = 0, -2*s + r + 85 = 8. Suppose -o + s = v, -20 = -v + 5*o - 1. What is the tens digit of v?
3
Suppose -6 = -3*b - 15. Let h = 5 + 1. What is the units digit of (b/2)/((-3)/h)?
3
Suppose 7*q = -3*s + 8*q + 6, 5*s = 4*q + 10. What is the tens digit of (405/30)/(s/36)?
4
Let a(j) = 2*j + 2*j**2 + 2 - 5*j + 0. Let q be ((-8)/4)/(-2) + 3 + -2. What is the units digit of a(q)?
4
Let n = -775 + 1134. What is the tens digit of n?
5
Suppose 0 = -19*j + 17*j + 6, -3*n + 162 = 5*j. What is the units digit of n?
9
What is the hundreds digit of 4621/5 + ((-656)/80 - -9)?
9
Let m(h) = 6*h**2 - 4*h**2 + 0 - h**3 + 8 + 5*h**2. What is the units digit of m(7)?
8
What is the tens digit of -10 + 9 + (1 - 81*-3)?
4
Suppose 2*m + p - 3006 = 0, -2*p + 0*p + 7515 = 5*m. What is the tens digit of m?
0
Suppose -3*m + 240 = -m. Suppose 0*z + 4*z + p - m = 0, 16 = 4*p. Let y = 5 + z. What is the units digit of y?
4
Let f(v) = v**3 - 12*v**2 - 9*v - 1. Let r be f(9). What is the units digit of 2 + (r/(-5) - 1)?
6
Let c(k) = k**3 + 4*k**2 + k + 3. Suppose -4*l - p - 14 = 0, -4*p + 4 + 0 = l. Let m be c(l). What is the units digit of (-4 - m)*(-9)/3?
9
Suppose 0 = 4*o - 84 - 48. Let r be 1 - 1/(1/201). What is the units digit of r/(-11) - 6/o?
8
Suppose 21*c - 5304 = 4*c. What is the units digit of c?
2
Let w(k) = k**3 + 2*k**2 + 5*k + 7. What is the tens digit of w(5)?
0
What is the tens digit of (116/8 - 0)*32?
6
Let b = 628 - 278. Suppose c + b = 6*c. Suppose 0 = d - 3*d + c. What is the units digit of d?
5
Let b = -85 + -1. Let u = b - -120. What is the units digit of u?
4
What is the hundreds digit of 4 - ((-5)/6 - 20917/78)?
2
Suppose -2*s + 3*p = -81, -4*s + 167 = -0*p - p. Suppose -41*f = -s*f + 142. What is the tens digit of f?
4
Let n(v) = -10*v**3 + v**2 + v. Let l(d) = -2*d**3 + d**2 - 2*d + 2. Let r be l(1). What is the tens digit of n(r)?
1
Suppose 380 = 3*t - t. What is the hundreds digit of t?
1
Let w be -1 + -65 + 3 - -2 - 4. Let f = w - -283. What is the hundreds digit of f?
2
Let h be 5 + (-5 - -2) - -9. Suppose 505 = 6*n - h*n. What is the units digit of 2/(-11) + n/(-11)?
9
Let p be ((-6)/2 + 3)/(1 + -2). Suppose 0 = -3*u - p*z - 3*z + 267, -83 = -u - 4*z. What is the units digit of u?
1
Let g